{"id":43,"date":"2020-02-21T11:22:36","date_gmt":"2020-02-21T11:22:36","guid":{"rendered":"https:\/\/www.a-towngospel.dk\/?page_id=43"},"modified":"2020-02-21T12:50:12","modified_gmt":"2020-02-21T12:50:12","slug":"opstandelseskirken","status":"publish","type":"page","link":"https:\/\/www.a-towngospel.dk\/index.php\/opstandelseskirken\/","title":{"rendered":"Opstandelseskirken"},"content":{"rendered":"\n<p>A-Town Gospel \u00f8ver i&nbsp;<a rel=\"noreferrer noopener\" aria-label=\"Opstandelseskirken i Albertslund (opens in a new tab)\" href=\"https:\/\/www.opstandelseskirken.dk\/\" target=\"_blank\">Opstandelseskirken i Albertslund<\/a>. Det flotte kirkerum giver god energi til sangen, og den store lyd giver koret ekstra schwung i stemmerne. Det er en forn\u00f8jelse at \u00f8ve og give koncerter i s\u00e5dan et rum.<br> Koret holder to store koncerter om \u00e5ret i Opstandelseskirken, hvor vi fylder de omkring 200 pladser. Til sommerkoncerten nyder vi det naturlige lys, der kommer ind i kirken og underst\u00f8tter vores glade sange. Om vinteren under julekoncerten omgiver vi os med hyggen fra de mange lamper og forventningen om en glad juletid.<\/p>\n\n\n\n<div class=\"wp-block-group\"><div class=\"wp-block-group__inner-container\">\n<div class=\"wp-block-media-text has-media-on-the-right is-vertically-aligned-top\"><figure class=\"wp-block-media-text__media\"><img loading=\"lazy\" width=\"780\" height=\"1024\" src=\"https:\/\/www.a-towngospel.dk\/wp-content\/uploads\/2020\/02\/PC240010-780x1024.jpg\" alt=\"Opstandelseskirkens specielle klokket\u00e5rn\" class=\"wp-image-51\" srcset=\"https:\/\/www.a-towngospel.dk\/wp-content\/uploads\/2020\/02\/PC240010-780x1024.jpg 780w, https:\/\/www.a-towngospel.dk\/wp-content\/uploads\/2020\/02\/PC240010-228x300.jpg 228w, https:\/\/www.a-towngospel.dk\/wp-content\/uploads\/2020\/02\/PC240010-768x1009.jpg 768w, https:\/\/www.a-towngospel.dk\/wp-content\/uploads\/2020\/02\/PC240010-1169x1536.jpg 1169w, https:\/\/www.a-towngospel.dk\/wp-content\/uploads\/2020\/02\/PC240010-1559x2048.jpg 1559w, https:\/\/www.a-towngospel.dk\/wp-content\/uploads\/2020\/02\/PC240010-scaled.jpg 1949w\" sizes=\"(max-width: 780px) 100vw, 780px\" \/><\/figure><div class=\"wp-block-media-text__content\">\n<p><strong>Opstandelseskirkens specielle klokket\u00e5rn kan ses p\u00e5 lang afstand<\/strong><\/p>\n<\/div><\/div>\n\n\n\n<div style=\"height:66px\" aria-hidden=\"true\" class=\"wp-block-spacer\"><\/div>\n<\/div><\/div>\n\n\n\n<div class=\"wp-block-media-text alignwide is-vertically-aligned-top\"><figure class=\"wp-block-media-text__media\"><img loading=\"lazy\" width=\"750\" height=\"1024\" src=\"https:\/\/www.a-towngospel.dk\/wp-content\/uploads\/2020\/02\/PC240012red-750x1024.jpg\" alt=\"\" class=\"wp-image-48\" srcset=\"https:\/\/www.a-towngospel.dk\/wp-content\/uploads\/2020\/02\/PC240012red-750x1024.jpg 750w, https:\/\/www.a-towngospel.dk\/wp-content\/uploads\/2020\/02\/PC240012red-220x300.jpg 220w, https:\/\/www.a-towngospel.dk\/wp-content\/uploads\/2020\/02\/PC240012red-768x1049.jpg 768w, https:\/\/www.a-towngospel.dk\/wp-content\/uploads\/2020\/02\/PC240012red.jpg 976w\" sizes=\"(max-width: 750px) 100vw, 750px\" \/><\/figure><div class=\"wp-block-media-text__content\">\n<p><strong>Udover koncerterne medvirker koret ved mindst to gudstjenester om \u00e5ret. A-Town Gospel er meget taknemmelig for, at Opstandelseskirken st\u00f8tter koret med tilskud til koncerterne og l\u00e5n af kirken.<\/strong><\/p>\n<\/div><\/div>\n","protected":false},"excerpt":{"rendered":"<p>A-Town Gospel \u00f8ver i&nbsp;Opstandelseskirken i Albertslund. Det flotte kirkerum giver god energi til sangen, og den store lyd giver koret ekstra schwung i stemmerne. Det er en forn\u00f8jelse at \u00f8ve og give koncerter i s\u00e5dan et rum. Koret holder to store koncerter om \u00e5ret i Opstandelseskirken, hvor vi fylder de omkring 200 pladser. Til sommerkoncerten &hellip;<\/p>\n<p class=\"read-more\"> <a class=\"\" href=\"https:\/\/www.a-towngospel.dk\/index.php\/opstandelseskirken\/\"> <span class=\"screen-reader-text\">Opstandelseskirken<\/span> L\u00e6s mere &raquo;<\/a><\/p>\n","protected":false},"author":1,"featured_media":0,"parent":0,"menu_order":0,"comment_status":"closed","ping_status":"closed","template":"","meta":[],"yoast_head":"<!-- This site is optimized with the Yoast SEO plugin v17.8 - https:\/\/yoast.com\/wordpress\/plugins\/seo\/ -->\n<title>Opstandelseskirken - A-Town Gospel<\/title>\n<meta name=\"robots\" content=\"index, follow, max-snippet:-1, max-image-preview:large, max-video-preview:-1\" \/>\n<link rel=\"canonical\" href=\"https:\/\/www.a-towngospel.dk\/index.php\/opstandelseskirken\/\" \/>\n<meta property=\"og:locale\" content=\"da_DK\" \/>\n<meta property=\"og:type\" content=\"article\" \/>\n<meta property=\"og:title\" content=\"Opstandelseskirken - A-Town Gospel\" \/>\n<meta property=\"og:description\" content=\"A-Town Gospel \u00f8ver i&nbsp;Opstandelseskirken i Albertslund. Det flotte kirkerum giver god energi til sangen, og den store lyd giver koret ekstra schwung i stemmerne. Det er en forn\u00f8jelse at \u00f8ve og give koncerter i s\u00e5dan et rum. Koret holder to store koncerter om \u00e5ret i Opstandelseskirken, hvor vi fylder de omkring 200 pladser. Til sommerkoncerten &hellip; Opstandelseskirken L\u00e6s mere &raquo;\" \/>\n<meta property=\"og:url\" content=\"https:\/\/www.a-towngospel.dk\/index.php\/opstandelseskirken\/\" \/>\n<meta property=\"og:site_name\" content=\"A-Town Gospel\" \/>\n<meta property=\"article:modified_time\" content=\"2020-02-21T12:50:12+00:00\" \/>\n<meta property=\"og:image\" content=\"https:\/\/www.a-towngospel.dk\/wp-content\/uploads\/2020\/02\/PC240010-780x1024.jpg\" \/>\n<meta name=\"twitter:card\" content=\"summary_large_image\" \/>\n<meta name=\"twitter:label1\" content=\"Estimeret l\u00e6setid\" \/>\n\t<meta name=\"twitter:data1\" content=\"1 minut\" \/>\n<script type=\"application\/ld+json\" class=\"yoast-schema-graph\">{\"@context\":\"https:\/\/schema.org\",\"@graph\":[{\"@type\":\"WebSite\",\"@id\":\"https:\/\/www.a-towngospel.dk\/#website\",\"url\":\"https:\/\/www.a-towngospel.dk\/\",\"name\":\"A-Town Gospel\",\"description\":\"Vestegnens hyggeligste gospelkor\",\"potentialAction\":[{\"@type\":\"SearchAction\",\"target\":{\"@type\":\"EntryPoint\",\"urlTemplate\":\"https:\/\/www.a-towngospel.dk\/?s={search_term_string}\"},\"query-input\":\"required name=search_term_string\"}],\"inLanguage\":\"da-DK\"},{\"@type\":\"ImageObject\",\"@id\":\"https:\/\/www.a-towngospel.dk\/index.php\/opstandelseskirken\/#primaryimage\",\"inLanguage\":\"da-DK\",\"url\":\"https:\/\/www.a-towngospel.dk\/wp-content\/uploads\/2020\/02\/PC240010-780x1024.jpg\",\"contentUrl\":\"https:\/\/www.a-towngospel.dk\/wp-content\/uploads\/2020\/02\/PC240010-780x1024.jpg\"},{\"@type\":\"WebPage\",\"@id\":\"https:\/\/www.a-towngospel.dk\/index.php\/opstandelseskirken\/#webpage\",\"url\":\"https:\/\/www.a-towngospel.dk\/index.php\/opstandelseskirken\/\",\"name\":\"Opstandelseskirken - A-Town Gospel\",\"isPartOf\":{\"@id\":\"https:\/\/www.a-towngospel.dk\/#website\"},\"primaryImageOfPage\":{\"@id\":\"https:\/\/www.a-towngospel.dk\/index.php\/opstandelseskirken\/#primaryimage\"},\"datePublished\":\"2020-02-21T11:22:36+00:00\",\"dateModified\":\"2020-02-21T12:50:12+00:00\",\"breadcrumb\":{\"@id\":\"https:\/\/www.a-towngospel.dk\/index.php\/opstandelseskirken\/#breadcrumb\"},\"inLanguage\":\"da-DK\",\"potentialAction\":[{\"@type\":\"ReadAction\",\"target\":[\"https:\/\/www.a-towngospel.dk\/index.php\/opstandelseskirken\/\"]}]},{\"@type\":\"BreadcrumbList\",\"@id\":\"https:\/\/www.a-towngospel.dk\/index.php\/opstandelseskirken\/#breadcrumb\",\"itemListElement\":[{\"@type\":\"ListItem\",\"position\":1,\"name\":\"Home\",\"item\":\"https:\/\/www.a-towngospel.dk\/\"},{\"@type\":\"ListItem\",\"position\":2,\"name\":\"Opstandelseskirken\"}]}]}<\/script>\n<!-- \/ Yoast SEO plugin. -->","yoast_head_json":{"title":"Opstandelseskirken - A-Town Gospel","robots":{"index":"index","follow":"follow","max-snippet":"max-snippet:-1","max-image-preview":"max-image-preview:large","max-video-preview":"max-video-preview:-1"},"canonical":"https:\/\/www.a-towngospel.dk\/index.php\/opstandelseskirken\/","og_locale":"da_DK","og_type":"article","og_title":"Opstandelseskirken - A-Town Gospel","og_description":"A-Town Gospel \u00f8ver i&nbsp;Opstandelseskirken i Albertslund. Det flotte kirkerum giver god energi til sangen, og den store lyd giver koret ekstra schwung i stemmerne. Det er en forn\u00f8jelse at \u00f8ve og give koncerter i s\u00e5dan et rum. Koret holder to store koncerter om \u00e5ret i Opstandelseskirken, hvor vi fylder de omkring 200 pladser. Til sommerkoncerten &hellip; Opstandelseskirken L\u00e6s mere &raquo;","og_url":"https:\/\/www.a-towngospel.dk\/index.php\/opstandelseskirken\/","og_site_name":"A-Town Gospel","article_modified_time":"2020-02-21T12:50:12+00:00","og_image":[{"url":"https:\/\/www.a-towngospel.dk\/wp-content\/uploads\/2020\/02\/PC240010-780x1024.jpg"}],"twitter_card":"summary_large_image","twitter_misc":{"Estimeret l\u00e6setid":"1 minut"},"schema":{"@context":"https:\/\/schema.org","@graph":[{"@type":"WebSite","@id":"https:\/\/www.a-towngospel.dk\/#website","url":"https:\/\/www.a-towngospel.dk\/","name":"A-Town Gospel","description":"Vestegnens hyggeligste gospelkor","potentialAction":[{"@type":"SearchAction","target":{"@type":"EntryPoint","urlTemplate":"https:\/\/www.a-towngospel.dk\/?s={search_term_string}"},"query-input":"required name=search_term_string"}],"inLanguage":"da-DK"},{"@type":"ImageObject","@id":"https:\/\/www.a-towngospel.dk\/index.php\/opstandelseskirken\/#primaryimage","inLanguage":"da-DK","url":"https:\/\/www.a-towngospel.dk\/wp-content\/uploads\/2020\/02\/PC240010-780x1024.jpg","contentUrl":"https:\/\/www.a-towngospel.dk\/wp-content\/uploads\/2020\/02\/PC240010-780x1024.jpg"},{"@type":"WebPage","@id":"https:\/\/www.a-towngospel.dk\/index.php\/opstandelseskirken\/#webpage","url":"https:\/\/www.a-towngospel.dk\/index.php\/opstandelseskirken\/","name":"Opstandelseskirken - A-Town Gospel","isPartOf":{"@id":"https:\/\/www.a-towngospel.dk\/#website"},"primaryImageOfPage":{"@id":"https:\/\/www.a-towngospel.dk\/index.php\/opstandelseskirken\/#primaryimage"},"datePublished":"2020-02-21T11:22:36+00:00","dateModified":"2020-02-21T12:50:12+00:00","breadcrumb":{"@id":"https:\/\/www.a-towngospel.dk\/index.php\/opstandelseskirken\/#breadcrumb"},"inLanguage":"da-DK","potentialAction":[{"@type":"ReadAction","target":["https:\/\/www.a-towngospel.dk\/index.php\/opstandelseskirken\/"]}]},{"@type":"BreadcrumbList","@id":"https:\/\/www.a-towngospel.dk\/index.php\/opstandelseskirken\/#breadcrumb","itemListElement":[{"@type":"ListItem","position":1,"name":"Home","item":"https:\/\/www.a-towngospel.dk\/"},{"@type":"ListItem","position":2,"name":"Opstandelseskirken"}]}]}},"_links":{"self":[{"href":"https:\/\/www.a-towngospel.dk\/index.php\/wp-json\/wp\/v2\/pages\/43"}],"collection":[{"href":"https:\/\/www.a-towngospel.dk\/index.php\/wp-json\/wp\/v2\/pages"}],"about":[{"href":"https:\/\/www.a-towngospel.dk\/index.php\/wp-json\/wp\/v2\/types\/page"}],"author":[{"embeddable":true,"href":"https:\/\/www.a-towngospel.dk\/index.php\/wp-json\/wp\/v2\/users\/1"}],"replies":[{"embeddable":true,"href":"https:\/\/www.a-towngospel.dk\/index.php\/wp-json\/wp\/v2\/comments?post=43"}],"version-history":[{"count":8,"href":"https:\/\/www.a-towngospel.dk\/index.php\/wp-json\/wp\/v2\/pages\/43\/revisions"}],"predecessor-version":[{"id":56,"href":"https:\/\/www.a-towngospel.dk\/index.php\/wp-json\/wp\/v2\/pages\/43\/revisions\/56"}],"wp:attachment":[{"href":"https:\/\/www.a-towngospel.dk\/index.php\/wp-json\/wp\/v2\/media?parent=43"}],"curies":[{"name":"wp","href":"https:\/\/api.w.org\/{rel}","templated":true}]}}