{"id":6,"date":"2020-02-20T16:17:16","date_gmt":"2020-02-20T16:17:16","guid":{"rendered":"https:\/\/www.a-towngospel.dk\/?page_id=6"},"modified":"2026-03-10T16:31:07","modified_gmt":"2026-03-10T16:31:07","slug":"bliv-medlem","status":"publish","type":"page","link":"https:\/\/www.a-towngospel.dk\/index.php\/bliv-medlem\/","title":{"rendered":"Vil du v\u00e6re med"},"content":{"rendered":"\n<p>I A-Town Gospel kan du f\u00e5 masser af gl\u00e6de hver mandag aften i Opstandelseskirken i Albertslund.<\/p>\n\n\n\n<p>Det er sang, f\u00e6llesskab og godt hum\u00f8r. <\/p>\n\n\n\n<p>I A-Town Gospel er der plads til alle. Vi har ikke optagelsespr\u00f8ve men forventer godt hum\u00f8r og kammeratskab n\u00e5r du kommer til kor samt at du, ud over at deltage i undervisningen, selv er ansvarlig for at indl\u00e6re sangene udenad via lydfiler.<\/p>\n\n\n\n<p>Vi \u00f8ver hver mandag aften kl. 19-21.30 i&nbsp;<a aria-label=\"Opstandelseskirken, Gymnasievej 2, 2620 Albertslund (opens in a new tab)\" href=\"https:\/\/www.a-towngospel.dk\/index.php\/opstandelseskirken\/\" target=\"_blank\" rel=\"noreferrer noopener\">Opstandelseskirken, Gymnasievej 2, 2620 Albertslund<\/a>. <\/p>\n\n\n\n<p>I pausen snakker, griner og hygger vi. <\/p>\n\n\n\n<p class=\"has-very-dark-gray-color has-text-color\">Du kan blive optaget som nyt medlem i januar og august. Du er velkommen til at kigge forbi og h\u00f8re\/se, om det er noget for dig. Du kan deltage to aftner gratis, inden du beslutter, om du vil melde dig ind. <\/p>\n\n\n\n<p class=\"has-very-dark-gray-color has-text-color\">Kontingent: Aktive medlemmer kr. 800,00 pr. halv\u00e5r &#8211; Passive medlemmer kr. 100,00 pr. halv\u00e5r.  <\/p>\n\n\n\n<p>Kontingentet indbetales til foreningens konto i Danske Bank: Reg. nr. 1551 Kontonr. 3194577141. <\/p>\n\n\n\n<p>Passive medlemmer f\u00e5r samme information, kan komme til f\u00e6lles arrangementer og generalforsamlinger.&nbsp;Passive medlemmer har dog ikke adgang til at deltage i sangkoret og kan ikke stemme ved generalforsamlinger.<\/p>\n\n\n\n<p>Efter indmeldelse skal du sende en mail til: <a href=\"mailto:kontakt@a-towngospel.dk\" target=\"_blank\" rel=\"noreferrer noopener\">kontakt@a-towngospel.dk<\/a> &#8211; med oplysning om navn, tf.nr. og mailadresse.<\/p>\n\n\n\n<p>Til information kan man som beboer i Albertslund Kommune s\u00f8ge om tilskud til neds\u00e6ttelse af deltagerbetaling hvis man er pensionist, efterl\u00f8nsmodtagere eller arbejdsledig. Tilskuddet  udg\u00f8r ca. 30% og s\u00f8ges hos Kommunen iht. deres regler.<\/p>\n\n\n\n<p class=\"has-very-dark-gray-color has-text-color\"><strong>Som medlem kan du se frem til:<\/strong><\/p>\n\n\n\n<ul><li>Masser af gl\u00e6de og godt hum\u00f8r.<\/li><li>S\u00f8de sangvenner.<\/li><li>Pause med hygge, kaffe, te, kage eller frugt. Medbring egen kop.<\/li><li>Mulighed for koncert mindst 2 gange om \u00e5ret.<\/li><li>Undervisning og instruktion af vores dygtige korleder og pianist.<\/li><li>Hyggelige arrangementer, n\u00e5r vi afslutter vores s\u00e6soner.<\/li><\/ul>\n\n\n\n<p><\/p>\n","protected":false},"excerpt":{"rendered":"<p>I A-Town Gospel kan du f\u00e5 masser af gl\u00e6de hver mandag aften i Opstandelseskirken i Albertslund. Det er sang, f\u00e6llesskab og godt hum\u00f8r. I A-Town Gospel er der plads til alle. Vi har ikke optagelsespr\u00f8ve men forventer godt hum\u00f8r og kammeratskab n\u00e5r du kommer til kor samt at du, ud over at deltage i undervisningen, &hellip;<\/p>\n<p class=\"read-more\"> <a class=\"\" href=\"https:\/\/www.a-towngospel.dk\/index.php\/bliv-medlem\/\"> <span class=\"screen-reader-text\">Vil du v\u00e6re med<\/span> L\u00e6s mere &raquo;<\/a><\/p>\n","protected":false},"author":1,"featured_media":0,"parent":0,"menu_order":0,"comment_status":"closed","ping_status":"closed","template":"","meta":[],"yoast_head":"<!-- This site is optimized with the Yoast SEO plugin v17.8 - https:\/\/yoast.com\/wordpress\/plugins\/seo\/ -->\n<title>Vil du v\u00e6re medlem af A-Town Gospel? kontakt@a-towngospel.dk<\/title>\n<meta name=\"description\" content=\"Vi optager nye medlemmer i januar\/februar og august\/september. Du kan deltage to aftner gratis, inden du beslutter, om du vil blive medlem.\" \/>\n<meta name=\"robots\" content=\"index, follow, max-snippet:-1, max-image-preview:large, max-video-preview:-1\" \/>\n<link rel=\"canonical\" href=\"https:\/\/www.a-towngospel.dk\/index.php\/bliv-medlem\/\" \/>\n<meta property=\"og:locale\" content=\"da_DK\" \/>\n<meta property=\"og:type\" content=\"article\" \/>\n<meta property=\"og:title\" content=\"Vil du v\u00e6re medlem af A-Town Gospel? kontakt@a-towngospel.dk\" \/>\n<meta property=\"og:description\" content=\"Vi optager nye medlemmer i januar\/februar og august\/september. Du kan deltage to aftner gratis, inden du beslutter, om du vil blive medlem.\" \/>\n<meta property=\"og:url\" content=\"https:\/\/www.a-towngospel.dk\/index.php\/bliv-medlem\/\" \/>\n<meta property=\"og:site_name\" content=\"A-Town Gospel\" \/>\n<meta property=\"article:modified_time\" content=\"2026-03-10T16:31:07+00:00\" \/>\n<meta name=\"twitter:card\" content=\"summary_large_image\" \/>\n<meta name=\"twitter:label1\" content=\"Estimeret l\u00e6setid\" \/>\n\t<meta name=\"twitter:data1\" content=\"2 minutter\" \/>\n<script type=\"application\/ld+json\" class=\"yoast-schema-graph\">{\"@context\":\"https:\/\/schema.org\",\"@graph\":[{\"@type\":\"WebSite\",\"@id\":\"https:\/\/www.a-towngospel.dk\/#website\",\"url\":\"https:\/\/www.a-towngospel.dk\/\",\"name\":\"A-Town Gospel\",\"description\":\"Vestegnens hyggeligste gospelkor\",\"potentialAction\":[{\"@type\":\"SearchAction\",\"target\":{\"@type\":\"EntryPoint\",\"urlTemplate\":\"https:\/\/www.a-towngospel.dk\/?s={search_term_string}\"},\"query-input\":\"required name=search_term_string\"}],\"inLanguage\":\"da-DK\"},{\"@type\":\"WebPage\",\"@id\":\"https:\/\/www.a-towngospel.dk\/index.php\/bliv-medlem\/#webpage\",\"url\":\"https:\/\/www.a-towngospel.dk\/index.php\/bliv-medlem\/\",\"name\":\"Vil du v\\u00e6re medlem af A-Town Gospel? kontakt@a-towngospel.dk\",\"isPartOf\":{\"@id\":\"https:\/\/www.a-towngospel.dk\/#website\"},\"datePublished\":\"2020-02-20T16:17:16+00:00\",\"dateModified\":\"2026-03-10T16:31:07+00:00\",\"description\":\"Vi optager nye medlemmer i januar\/februar og august\/september. Du kan deltage to aftner gratis, inden du beslutter, om du vil blive medlem.\",\"breadcrumb\":{\"@id\":\"https:\/\/www.a-towngospel.dk\/index.php\/bliv-medlem\/#breadcrumb\"},\"inLanguage\":\"da-DK\",\"potentialAction\":[{\"@type\":\"ReadAction\",\"target\":[\"https:\/\/www.a-towngospel.dk\/index.php\/bliv-medlem\/\"]}]},{\"@type\":\"BreadcrumbList\",\"@id\":\"https:\/\/www.a-towngospel.dk\/index.php\/bliv-medlem\/#breadcrumb\",\"itemListElement\":[{\"@type\":\"ListItem\",\"position\":1,\"name\":\"Home\",\"item\":\"https:\/\/www.a-towngospel.dk\/\"},{\"@type\":\"ListItem\",\"position\":2,\"name\":\"Vil du v\\u00e6re med\"}]}]}<\/script>\n<!-- \/ Yoast SEO plugin. -->","yoast_head_json":{"title":"Vil du v\u00e6re medlem af A-Town Gospel? kontakt@a-towngospel.dk","description":"Vi optager nye medlemmer i januar\/februar og august\/september. Du kan deltage to aftner gratis, inden du beslutter, om du vil blive medlem.","robots":{"index":"index","follow":"follow","max-snippet":"max-snippet:-1","max-image-preview":"max-image-preview:large","max-video-preview":"max-video-preview:-1"},"canonical":"https:\/\/www.a-towngospel.dk\/index.php\/bliv-medlem\/","og_locale":"da_DK","og_type":"article","og_title":"Vil du v\u00e6re medlem af A-Town Gospel? kontakt@a-towngospel.dk","og_description":"Vi optager nye medlemmer i januar\/februar og august\/september. Du kan deltage to aftner gratis, inden du beslutter, om du vil blive medlem.","og_url":"https:\/\/www.a-towngospel.dk\/index.php\/bliv-medlem\/","og_site_name":"A-Town Gospel","article_modified_time":"2026-03-10T16:31:07+00:00","twitter_card":"summary_large_image","twitter_misc":{"Estimeret l\u00e6setid":"2 minutter"},"schema":{"@context":"https:\/\/schema.org","@graph":[{"@type":"WebSite","@id":"https:\/\/www.a-towngospel.dk\/#website","url":"https:\/\/www.a-towngospel.dk\/","name":"A-Town Gospel","description":"Vestegnens hyggeligste gospelkor","potentialAction":[{"@type":"SearchAction","target":{"@type":"EntryPoint","urlTemplate":"https:\/\/www.a-towngospel.dk\/?s={search_term_string}"},"query-input":"required name=search_term_string"}],"inLanguage":"da-DK"},{"@type":"WebPage","@id":"https:\/\/www.a-towngospel.dk\/index.php\/bliv-medlem\/#webpage","url":"https:\/\/www.a-towngospel.dk\/index.php\/bliv-medlem\/","name":"Vil du v\u00e6re medlem af A-Town Gospel? kontakt@a-towngospel.dk","isPartOf":{"@id":"https:\/\/www.a-towngospel.dk\/#website"},"datePublished":"2020-02-20T16:17:16+00:00","dateModified":"2026-03-10T16:31:07+00:00","description":"Vi optager nye medlemmer i januar\/februar og august\/september. Du kan deltage to aftner gratis, inden du beslutter, om du vil blive medlem.","breadcrumb":{"@id":"https:\/\/www.a-towngospel.dk\/index.php\/bliv-medlem\/#breadcrumb"},"inLanguage":"da-DK","potentialAction":[{"@type":"ReadAction","target":["https:\/\/www.a-towngospel.dk\/index.php\/bliv-medlem\/"]}]},{"@type":"BreadcrumbList","@id":"https:\/\/www.a-towngospel.dk\/index.php\/bliv-medlem\/#breadcrumb","itemListElement":[{"@type":"ListItem","position":1,"name":"Home","item":"https:\/\/www.a-towngospel.dk\/"},{"@type":"ListItem","position":2,"name":"Vil du v\u00e6re med"}]}]}},"_links":{"self":[{"href":"https:\/\/www.a-towngospel.dk\/index.php\/wp-json\/wp\/v2\/pages\/6"}],"collection":[{"href":"https:\/\/www.a-towngospel.dk\/index.php\/wp-json\/wp\/v2\/pages"}],"about":[{"href":"https:\/\/www.a-towngospel.dk\/index.php\/wp-json\/wp\/v2\/types\/page"}],"author":[{"embeddable":true,"href":"https:\/\/www.a-towngospel.dk\/index.php\/wp-json\/wp\/v2\/users\/1"}],"replies":[{"embeddable":true,"href":"https:\/\/www.a-towngospel.dk\/index.php\/wp-json\/wp\/v2\/comments?post=6"}],"version-history":[{"count":38,"href":"https:\/\/www.a-towngospel.dk\/index.php\/wp-json\/wp\/v2\/pages\/6\/revisions"}],"predecessor-version":[{"id":457,"href":"https:\/\/www.a-towngospel.dk\/index.php\/wp-json\/wp\/v2\/pages\/6\/revisions\/457"}],"wp:attachment":[{"href":"https:\/\/www.a-towngospel.dk\/index.php\/wp-json\/wp\/v2\/media?parent=6"}],"curies":[{"name":"wp","href":"https:\/\/api.w.org\/{rel}","templated":true}]}}