{"id":8,"date":"2020-02-20T16:20:40","date_gmt":"2020-02-20T16:20:40","guid":{"rendered":"https:\/\/www.a-towngospel.dk\/?page_id=8"},"modified":"2024-07-01T16:06:54","modified_gmt":"2024-07-01T16:06:54","slug":"hvad-kan-du-forvente","status":"publish","type":"page","link":"https:\/\/www.a-towngospel.dk\/index.php\/hvad-kan-du-forvente\/","title":{"rendered":"Hvem er A-Town"},"content":{"rendered":"\n<h3>A-Town Gospel blev stiftet i august 2007<\/h3>\n\n\n\n<p>Ben Heveroh har fra 9\/1-2023 v\u00e6ret vores underviser, dirigent og pianist.<\/p>\n\n\n\n<p>Der er ingen optagelsespr\u00f8ve i koret.<\/p>\n\n\n\n<p>Sang og musik er i centrum, men vi l\u00e6gger lige s\u00e5 meget v\u00e6gt p\u00e5 det gode f\u00e6llesskab, sammenholdet, respekt for hinandens forskelligheder og ikke mindst et godt grin. Det skal v\u00e6re en god oplevelse at synge i koret s\u00e5 i A-Town Gospel handler det ikke udelukkende om at synge, det handler ogs\u00e5 om at grine med hinanden, snakke, hygge og ja\u2026 bare v\u00e6re sammen.<\/p>\n\n\n\n<p>Forventninger til korets medlemmer&nbsp;er, at det enkelte medlem er m\u00f8destabil, ansvarlig for, ud over at deltage i undervisningen, selv at indl\u00e6re sangene udenad via lydfiler.<\/p>\n\n\n\n<p>Vi afslutter hver s\u00e6son med en koncert i vores hjemkirke,&nbsp;Opstandelseskirken i Albertslund. Som allersidste punktum for hver s\u00e6son har vi en f\u00e6llesspisning, hvor alle bidrager til buffeten, underholdningen og det gode hum\u00f8r. Derudover deltager A-Town Gospel med 3-4 sange ved 2 gudstjenester om \u00e5ret i Opstandelseskirken.<\/p>\n\n\n\n<p>Vi  bestr\u00e6ber os p\u00e5 hele tiden p\u00e5 at blive bedre korsangere, og vi udvikler os hele tiden samlet som kor. Vi l\u00e6rer nye sange og forfiner teknik og udtryk i de sange, vi har l\u00e6rt. Du beh\u00f8ver ikke at v\u00e6re rutineret sanger for at v\u00e6re med, men du skal have mod p\u00e5 og lyst til at \u00f8ve og synge sammen med andre. Vi optager alle over 16 \u00e5r, der vil (l\u00e6re at) synge. Vi forventer ikke, at du kan synge i forvejen. Til geng\u00e6ld forventer vi, at du deltager i \u00f8veaftner og koncerter i det omfang, du har mulighed for det. Vi forventer ogs\u00e5, at du engagerer dig i det sammenhold, som er s\u00e5 vigtigt for vores f\u00e6llesskab.<\/p>\n\n\n\n<p>S\u00e6sonerne l\u00f8ber januar \u2013 juni og august \u2013 december. <\/p>\n\n\n\n<h3>Repertoire<\/h3>\n\n\n\n<p>Vores repertoire d\u00e6kker alt fra traditionel og moderne gospel til pop. Vi elsker funky gospelmusik og bl\u00f8de popballader. Du vil ogs\u00e5 kunne opleve musik, der ikke traditionelt bliver betragtet som gospel som f.eks. Kim Larsen og Andreas Odbjerg. Vi synger b\u00e5de p\u00e5 dansk og engelsk.<\/p>\n\n\n\n<p>Vores sange arrangeres til trestemmigt kor \u2013 sopran, alt og tenor.<\/p>\n\n\n\n<h3>Legat fra Tuborgfonden<\/h3>\n\n\n\n<p>I 2012 fik vi tildelt et legat fra Tuborgs Gr\u00f8nne Fond p\u00e5\n15.000 kr. Vi k\u00f8bte et sanganl\u00e6g med 2 mikrofoner, el-klaver, stativer og\nkabler til det hele for pengene.<\/p>\n\n\n\n<p>I 2014 s\u00f8gte vi midler i Tuborgfonden igen og var s\u00e5\nfantastisk heldige at f\u00e5 tildelt yderligere 15.000 kr. For disse penge k\u00f8bte vi\net professionelt supplement til vores PA-anl\u00e6g \u2013 3 kormikrofoner, nye kabler og\nmedh\u00f8rh\u00f8jtalere.<\/p>\n\n\n\n<p>Vi er nu s\u00e5 godt udstyret, at vi kan holde koncerter med\nprofessionel lyd uden at leje ekstra udstyr udefra.<\/p>\n\n\n\n<p>Tusind tak til&nbsp;<a href=\"https:\/\/www.tuborgfondet.dk\/\" target=\"_blank\" rel=\"noreferrer noopener\">Tuborgs Gr\u00f8nne Fond&nbsp;<\/a>for den fantastiske hj\u00e6lp.<\/p>\n","protected":false},"excerpt":{"rendered":"<p>A-Town Gospel blev stiftet i august 2007 Ben Heveroh har fra 9\/1-2023 v\u00e6ret vores underviser, dirigent og pianist. Der er ingen optagelsespr\u00f8ve i koret. Sang og musik er i centrum, men vi l\u00e6gger lige s\u00e5 meget v\u00e6gt p\u00e5 det gode f\u00e6llesskab, sammenholdet, respekt for hinandens forskelligheder og ikke mindst et godt grin. Det skal v\u00e6re &hellip;<\/p>\n<p class=\"read-more\"> <a class=\"\" href=\"https:\/\/www.a-towngospel.dk\/index.php\/hvad-kan-du-forvente\/\"> <span class=\"screen-reader-text\">Hvem er A-Town<\/span> L\u00e6s mere &raquo;<\/a><\/p>\n","protected":false},"author":1,"featured_media":0,"parent":0,"menu_order":0,"comment_status":"closed","ping_status":"closed","template":"","meta":[],"yoast_head":"<!-- This site is optimized with the Yoast SEO plugin v17.8 - https:\/\/yoast.com\/wordpress\/plugins\/seo\/ -->\n<title>Hvem er de der A-Town Gospel og hvad kan du forvente som medlem<\/title>\n<meta name=\"description\" content=\"Hvad kan du forvente som medlem af A-Town Gospel? Repertoire, arrangementer, f\u00e6llesskab, sangniveau.\" \/>\n<meta name=\"robots\" content=\"index, follow, max-snippet:-1, max-image-preview:large, max-video-preview:-1\" \/>\n<link rel=\"canonical\" href=\"https:\/\/www.a-towngospel.dk\/index.php\/hvad-kan-du-forvente\/\" \/>\n<meta property=\"og:locale\" content=\"da_DK\" \/>\n<meta property=\"og:type\" content=\"article\" \/>\n<meta property=\"og:title\" content=\"Hvem er de der A-Town Gospel og hvad kan du forvente som medlem\" \/>\n<meta property=\"og:description\" content=\"Hvad kan du forvente som medlem af A-Town Gospel? Repertoire, arrangementer, f\u00e6llesskab, sangniveau.\" \/>\n<meta property=\"og:url\" content=\"https:\/\/www.a-towngospel.dk\/index.php\/hvad-kan-du-forvente\/\" \/>\n<meta property=\"og:site_name\" content=\"A-Town Gospel\" \/>\n<meta property=\"article:modified_time\" content=\"2024-07-01T16:06:54+00:00\" \/>\n<meta name=\"twitter:card\" content=\"summary_large_image\" \/>\n<meta name=\"twitter:label1\" content=\"Estimeret l\u00e6setid\" \/>\n\t<meta name=\"twitter:data1\" content=\"3 minutter\" \/>\n<script type=\"application\/ld+json\" class=\"yoast-schema-graph\">{\"@context\":\"https:\/\/schema.org\",\"@graph\":[{\"@type\":\"WebSite\",\"@id\":\"https:\/\/www.a-towngospel.dk\/#website\",\"url\":\"https:\/\/www.a-towngospel.dk\/\",\"name\":\"A-Town Gospel\",\"description\":\"Vestegnens hyggeligste gospelkor\",\"potentialAction\":[{\"@type\":\"SearchAction\",\"target\":{\"@type\":\"EntryPoint\",\"urlTemplate\":\"https:\/\/www.a-towngospel.dk\/?s={search_term_string}\"},\"query-input\":\"required name=search_term_string\"}],\"inLanguage\":\"da-DK\"},{\"@type\":\"WebPage\",\"@id\":\"https:\/\/www.a-towngospel.dk\/index.php\/hvad-kan-du-forvente\/#webpage\",\"url\":\"https:\/\/www.a-towngospel.dk\/index.php\/hvad-kan-du-forvente\/\",\"name\":\"Hvem er de der A-Town Gospel og hvad kan du forvente som medlem\",\"isPartOf\":{\"@id\":\"https:\/\/www.a-towngospel.dk\/#website\"},\"datePublished\":\"2020-02-20T16:20:40+00:00\",\"dateModified\":\"2024-07-01T16:06:54+00:00\",\"description\":\"Hvad kan du forvente som medlem af A-Town Gospel? Repertoire, arrangementer, f\\u00e6llesskab, sangniveau.\",\"breadcrumb\":{\"@id\":\"https:\/\/www.a-towngospel.dk\/index.php\/hvad-kan-du-forvente\/#breadcrumb\"},\"inLanguage\":\"da-DK\",\"potentialAction\":[{\"@type\":\"ReadAction\",\"target\":[\"https:\/\/www.a-towngospel.dk\/index.php\/hvad-kan-du-forvente\/\"]}]},{\"@type\":\"BreadcrumbList\",\"@id\":\"https:\/\/www.a-towngospel.dk\/index.php\/hvad-kan-du-forvente\/#breadcrumb\",\"itemListElement\":[{\"@type\":\"ListItem\",\"position\":1,\"name\":\"Home\",\"item\":\"https:\/\/www.a-towngospel.dk\/\"},{\"@type\":\"ListItem\",\"position\":2,\"name\":\"Hvem er A-Town\"}]}]}<\/script>\n<!-- \/ Yoast SEO plugin. -->","yoast_head_json":{"title":"Hvem er de der A-Town Gospel og hvad kan du forvente som medlem","description":"Hvad kan du forvente som medlem af A-Town Gospel? Repertoire, arrangementer, f\u00e6llesskab, sangniveau.","robots":{"index":"index","follow":"follow","max-snippet":"max-snippet:-1","max-image-preview":"max-image-preview:large","max-video-preview":"max-video-preview:-1"},"canonical":"https:\/\/www.a-towngospel.dk\/index.php\/hvad-kan-du-forvente\/","og_locale":"da_DK","og_type":"article","og_title":"Hvem er de der A-Town Gospel og hvad kan du forvente som medlem","og_description":"Hvad kan du forvente som medlem af A-Town Gospel? Repertoire, arrangementer, f\u00e6llesskab, sangniveau.","og_url":"https:\/\/www.a-towngospel.dk\/index.php\/hvad-kan-du-forvente\/","og_site_name":"A-Town Gospel","article_modified_time":"2024-07-01T16:06:54+00:00","twitter_card":"summary_large_image","twitter_misc":{"Estimeret l\u00e6setid":"3 minutter"},"schema":{"@context":"https:\/\/schema.org","@graph":[{"@type":"WebSite","@id":"https:\/\/www.a-towngospel.dk\/#website","url":"https:\/\/www.a-towngospel.dk\/","name":"A-Town Gospel","description":"Vestegnens hyggeligste gospelkor","potentialAction":[{"@type":"SearchAction","target":{"@type":"EntryPoint","urlTemplate":"https:\/\/www.a-towngospel.dk\/?s={search_term_string}"},"query-input":"required name=search_term_string"}],"inLanguage":"da-DK"},{"@type":"WebPage","@id":"https:\/\/www.a-towngospel.dk\/index.php\/hvad-kan-du-forvente\/#webpage","url":"https:\/\/www.a-towngospel.dk\/index.php\/hvad-kan-du-forvente\/","name":"Hvem er de der A-Town Gospel og hvad kan du forvente som medlem","isPartOf":{"@id":"https:\/\/www.a-towngospel.dk\/#website"},"datePublished":"2020-02-20T16:20:40+00:00","dateModified":"2024-07-01T16:06:54+00:00","description":"Hvad kan du forvente som medlem af A-Town Gospel? Repertoire, arrangementer, f\u00e6llesskab, sangniveau.","breadcrumb":{"@id":"https:\/\/www.a-towngospel.dk\/index.php\/hvad-kan-du-forvente\/#breadcrumb"},"inLanguage":"da-DK","potentialAction":[{"@type":"ReadAction","target":["https:\/\/www.a-towngospel.dk\/index.php\/hvad-kan-du-forvente\/"]}]},{"@type":"BreadcrumbList","@id":"https:\/\/www.a-towngospel.dk\/index.php\/hvad-kan-du-forvente\/#breadcrumb","itemListElement":[{"@type":"ListItem","position":1,"name":"Home","item":"https:\/\/www.a-towngospel.dk\/"},{"@type":"ListItem","position":2,"name":"Hvem er A-Town"}]}]}},"_links":{"self":[{"href":"https:\/\/www.a-towngospel.dk\/index.php\/wp-json\/wp\/v2\/pages\/8"}],"collection":[{"href":"https:\/\/www.a-towngospel.dk\/index.php\/wp-json\/wp\/v2\/pages"}],"about":[{"href":"https:\/\/www.a-towngospel.dk\/index.php\/wp-json\/wp\/v2\/types\/page"}],"author":[{"embeddable":true,"href":"https:\/\/www.a-towngospel.dk\/index.php\/wp-json\/wp\/v2\/users\/1"}],"replies":[{"embeddable":true,"href":"https:\/\/www.a-towngospel.dk\/index.php\/wp-json\/wp\/v2\/comments?post=8"}],"version-history":[{"count":18,"href":"https:\/\/www.a-towngospel.dk\/index.php\/wp-json\/wp\/v2\/pages\/8\/revisions"}],"predecessor-version":[{"id":373,"href":"https:\/\/www.a-towngospel.dk\/index.php\/wp-json\/wp\/v2\/pages\/8\/revisions\/373"}],"wp:attachment":[{"href":"https:\/\/www.a-towngospel.dk\/index.php\/wp-json\/wp\/v2\/media?parent=8"}],"curies":[{"name":"wp","href":"https:\/\/api.w.org\/{rel}","templated":true}]}}